 tens digit of 1*r/4*-4?
1
Suppose 6*b = 2*p + b - 82, -2*b = 2*p - 68. What is the units digit of 3/(-1*(-2)/p)?
4
Suppose 16*i + 0*i = 15776. What is the units digit of i?
6
Let m be 0 + 5/10 + (-138)/4. What is the tens digit of m/(3/(-15) - 0)?
7
Suppose -2*h + 3*s = -0*s - 9, 5*h = -5*s + 35. What is the units digit of 10/(-15) + (-95)/h*-2?
1
Let g = 34 + -31. Let b(j) = 7*j**g - j + 31*j**3 + 18*j**3 + 1. What is the tens digit of b(1)?
5
Suppose 96 + 69 = 3*z. Let x(l) = 16*l - 1. Let q be x(-1). Let f = q + z. What is the units digit of f?
8
Let x(n) = 100*n - 267. What is the hundreds digit of x(7)?
4
Suppose 4*a + 4 = -3*i + 10, -i - a + 3 = 0. What is the units digit of i?
6
Suppose 2*h - 2*a = -a + 7, -3*h - 3*a + 6 = 0. Suppose 3 = -2*n - 3, -h*q + 2*n = -147. What is the tens digit of q?
4
Let l be (1/(-3))/((-25)/(-300)). Let n(g) = 3*g**2 + 12*g + 11. What is the units digit of n(l)?
1
Let l be 1 + ((-132)/(-4) - 4). Let v be (l/(-35))/((-9)/42). Suppose 5*h - 17 = -3*b + 165, 152 = 4*h - v*b. What is the units digit of h?
7
Let m be 3/(-2)*(-44)/6. Let n be 1052/22 + 2/m. Suppose 2*z + 2*z = n. What is the units digit of z?
2
Let f = 150 + -73. What is the tens digit of f?
7
Let h(k) = -3*k**2 - 3*k. Let a be h(-3). Let m be (-8224)/72 - 4/a. What is the units digit of (1 + -3)*m/12?
9
Let v(a) = 4*a - 7. Let k be v(3). Suppose n = 5*q - 45, 0*n = k*q + 3*n - 45. What is the units digit of q?
9
Let p(g) = -379*g + 4. Let y be p(-13). Let h = -7535 + y. What is the tens digit of 2/(-9) + h/(-54)?
4
Suppose -4*k + 8*c - 3*c = 254, 5*c + 142 = -2*k. Let q be 48*(2 - (-11)/(-4)). Let d = q - k. What is the tens digit of d?
3
Let u(b) = 105*b**2 + 3*b - 5. What is the tens digit of u(1)?
0
Let v = -321 + 595. What is the units digit of v?
4
Suppose -1688 = 5*c - 2843. What is the hundreds digit of c?
2
Suppose 48725 = 29*m + 8183. What is the thousands digit of m?
1
Suppose -8739 = -16*c + 829. Let t = -331 + c. What is the units digit of t?
7
Let n = -575 + 810. What is the hundreds digit of n?
2
Suppose -2982 = -2*q - 2*r, 7*q - r - 4473 = 4*q. What is the tens digit of q?
9
Let r = -793 + 998. What is the hundreds digit of r?
2
Suppose 5*l + 20 = 0, 0*o - 4 = o + 3*l. Suppose -3*t + o*t - 4*p = 65, -5*t - 3*p = -100. What is the tens digit of t?
1
Let x be (-15)/25 - (-92)/20. Suppose 4*w - 1367 = -5*h, -x*h - 2*w = -346 - 744. What is the tens digit of h?
7
What is the tens digit of (-4)/(-3) + (-104998)/(-141)?
4
Suppose 3*c + 158 = c. Let l = c + 129. What is the units digit of l?
0
What is the tens digit of -7 - (-19145)/25 - (-8)/(-10)?
5
Suppose 1394 = 3*c - 4*d, 0 = -3*c - 3*d + 296 + 1126. What is the units digit of c?
0
Suppose -3*v + 1777 - 600 = 5*m, 0 = 2*v + 4*m - 786. What is the units digit of v?
9
Suppose 2*k - 2 = 6, 0 = -4*a + 4*k + 2036. Let i = -348 + a. Let b = -112 + i. What is the units digit of b?
3
Let b(n) = 2*n**3 - 6*n**2 - 12*n - 6. Suppose -11*t + 60 = -t. What is the hundreds digit of b(t)?
1
Let q = -13 + 19. Let c be 74/4*(-4 + q). Suppose 2*h + 0*h + c = 3*x, -4*h + 47 = 5*x. What is the tens digit of x?
1
Let n = -70 + 74. Suppose -n*o + 361 + 315 = 0. What is the tens digit of o?
6
Let n(q) be the third derivative of q**5/30 + 5*q**4/24 - q**3/6 + 4*q**2. Let d be n(-5). Let o = 3 + d. What is the units digit of o?
7
Suppose -4*g + 2*w = 78 + 36, -3*w = -3*g - 93. Let r = g + 84. What is the tens digit of r?
5
Let l(k) = k**3 + 2*k**2 - 4*k + 1. Let s be l(-3). Suppose -5*f + 10 + 15 = 0. Suppose 33 = s*g - 3*g - f*c, -g + 3*c = -23. What is the units digit of g?
8
What is the thousands digit of -765*(-6 - 6/(-5))?
3
Suppose -3*g = 2*g - 75. Suppose 5*n + y = 3*y + 3, -5*n - 3*y + 8 = 0. What is the units digit of 42/n + g/5?
5
Let z = -515 + 1869. What is the hundreds digit of z?
3
Let u(h) = h + 11. Let d be u(0). Let g be (-384)/(-20) + 3/(-15). Let i = d + g. What is the units digit of i?
0
Let z be (-2 - -8)*1/(-2). Let s = -8 - z. Let a = 20 - s. What is the tens digit of a?
2
Let a(g) = -g - 16. Let h be a(-8). Let c(n) = n**2 + 2*n - 6. What is the units digit of c(h)?
2
Suppose 0*f - 3*f + 1230 = 0. Let u be f/(-25) - 4/(-10). Let n = u - -30. What is the tens digit of n?
1
Suppose 3*l + 7 = -5. Let t = 0 - l. Suppose 2*h + t*v - 46 = -0*v, 105 = 5*h + 5*v. What is the tens digit of h?
1
Let c(d) = d**2 + 9*d + 3. Let j be c(-13). Suppose -v - v + j = -3*t, 5*v + 2*t = 90. What is the tens digit of v?
2
Suppose 4*g = 6*g - 142. Suppose -s - 38 = -g. What is the units digit of s?
3
Let v be (-154)/(-11) - (1 - -2). What is the units digit of (2 + 8)*v/2?
5
Let z = -11 - -11. Suppose z = u + u. Suppose -3*q + 26 + 22 = u. What is the tens digit of q?
1
Let b(l) = -l**3 - 7*l**2 + 19*l + 13. Let y be b(-9). Suppose -3*d - 5*v + 337 = 0, -2*d - v = -y*v - 193. What is the units digit of d?
4
Suppose -n + 2 + 4 = 0. Let w = -8 + n. What is the units digit of (-2)/((-2)/(w + 26))?
4
What is the thousands digit of 12/10*(-31 + 2536)?
3
Let f(g) = 26*g**2 + 3*g + 5. Let n(k) = -13*k**2 - k - 2. Let o(u) = -3*f(u) - 7*n(u). What is the tens digit of o(2)?
4
Let i be 183/(-5) - 12/30. Let d = i - -38. What is the units digit of d?
1
Suppose -79 = -3*j - 13. Suppose s - 1 - j = 0. What is the tens digit of s?
2
Suppose -9 = -3*y - 7*k + 4*k, k = 2*y + 9. What is the units digit of 7945/30 - (-1)/6 - y?
7
What is the tens digit of 2/6 + (-69483)/(-207)?
3
Let t be 4/26 + 13252/52. Suppose 3*k = i + 2*i + t, 4*i = 3*k - 260. What is the tens digit of k?
8
Suppose -k - 1 = -3. Let n = 90 + -139. What is the tens digit of k - n - (2 - -2)?
4
Let l = 67 - -990. What is the hundreds digit of l?
0
Let l(z) = 22*z + 526. What is the units digit of l(0)?
6
Let h(a) = -a**3 - 9*a**2 - 12*a - 5. Suppose -v + 0 - 8 = 0. Let l be h(v). Suppose u - 17 = 5*n - 116, l = n - 2*u. What is the units digit of n?
9
Let t(s) = -s**3 + 5*s**2 + 3*s. Let b be t(3). Let f be 1/4 - b/(-4). Let x = f - -15. What is the units digit of x?
2
Let d = -5 + 10. Let g(t) = 2*t - 6. Let y be g(d). What is the units digit of y/(-2) + 4*2?
6
Suppose -8*i + 6*i = n - 1479, -3*n + 4452 = i. What is the thousands digit of n?
1
What is the units digit of 35/(-7)*-31*2?
0
Suppose -226*d + 189*d + 103526 = 0. What is the units digit of d?
8
Let h(p) = -p**3 + 5*p**2 + 2*p - 4. Suppose 0 = 4*x + 7 + 5. What is the tens digit of h(x)?
6
Let c(o) = -o**3 - 6*o**2 - o - 3. Let h be c(-6). Suppose 0*g + 293 = 2*g + h*n, g - 4*n - 119 = 0. What is the hundreds digit of g?
1
Let h = -19 + 22. Suppose -h*k - 38 = -0*k - 4*m, 0 = 2*k - m + 17. Let n(i) = i**3 + 6*i**2 - 2*i - 7. What is the units digit of n(k)?
5
Let j = -187 - -375. Suppose 5*s - j - 122 = 0. Suppose -3*o + 3*z + 7 = -s, -4*z + 108 = 4*o. What is the units digit of o?
5
Suppose -4*v = -4*p - 88, -2*p = -4*p - 8. Let u be (24/v)/(6/9). What is the units digit of 6 + (3 - 4/u)?
7
Let n(b) = 2*b**2 - 13*b + 10. Let w be (-3 + 13 + 1)*(-1 - -2). What is the units digit of n(w)?
9
Suppose -q - 3*w - 2 = 0, -w + 21 = -4*q - 26. Let y = 19 + q. What is the units digit of y/20 + (-46)/(-10)?
5
Suppose -3*b + 8*b = 495. Let r(z) = -z**2 + 5*z - 14. Let x be r(10). Let t = b + x. What is the units digit of t?
5
Suppose 5*w = 5 + 10. Suppose 3*v = -6, -y - w*v - 2 = -0. What is the units digit of y?
4
Let v = 85 - 61. Let b = v - 24. What is the tens digit of (b + 5)/(1/7)?
3
Let q be 14/(-4)*(0 + 4). Let g = -20 - q. What is the units digit of (45/g)/((-3)/8)?
0
Suppose -2*m + 4*z = 8 + 12, 4*m - z + 5 = 0. Let j be (m/(-3) + 3)*1. Suppose 3*y - j*x - 51 = -3, -5*y = 3*x - 40. What is the units digit of y?
1
Let b(u) = 13*u + 2. What is the hundreds digit of b(18)?
2
Suppose 12*j - 18*j + 12 = 0. Suppose -j*w + 298 + 24 = u, 3*w - 3*u = 465. What is the hundreds digit of w?
1
Suppose -2*w = -3*m - 5*w + 2355, -3*w - 1550 = -2*m. What is the units digit of m?
1
Suppose 7000 = 3*i + 2*y, -107*i + 5*y = -110*i + 7006. What is the thousands digit of i?
2
Suppose -10 = 9*d - 10*d. Suppose 2*y = 3*a + d, 0*y + 10 = -2*a + 3*y. What is the units digit of a/(1 + -3)*59?
9
Let q(d) = -95*d + 1075. What is the hundreds digit of q(-36)?
4
What is the hundreds digit of -3 - (-162)/48 - (-59514)